rime factors of (100679/(-747))/((-1)/9)?
1213
Suppose 20 = 7*x - 36. What are the prime factors of x*(-3)/(-84) - 108/(-14)?
2
Suppose -10*o + 1057 = -3593. List the prime factors of o.
3, 5, 31
Let h be 1 + (1 - (-4 - -3)). What are the prime factors of 15*(h - 1) - -1?
31
Let c be 2/(-8)*1 + (-1)/(-4). Suppose -120 = -f - f + 4*i, -5*f + 4*i + 276 = c. What are the prime factors of f?
2, 13
Suppose 5*b = -16 + 126. Let p be b/2 - (-5)/5. Suppose -8*f + p = -4*f. List the prime factors of f.
3
Let y(x) = -x**3 + 3*x + 2*x**2 + 3*x**2 + 6 - 4. Suppose -219 = 7*h - 247. List the prime factors of y(h).
2, 3, 5
Let l(g) be the third derivative of g**5/30 - g**4/24 + 5*g**3/6 + 23*g**2. Suppose 0 = 4*u + 2*z - 16, -3*u + 8*u - z = 20. List the prime factors of l(u).
3, 11
Let k(x) = -620*x + 6. What are the prime factors of k(-1)?
2, 313
Suppose -4*f = -3*p + 22 + 35, -2*f = -5*p + 11. Let u be (-21)/((f/(-4))/3). List the prime factors of (u - -17)*1*9.
3
Let t(y) = 15*y + 18. Suppose -q = 3 - 0, 0 = 4*r + 5*q - 1. What are the prime factors of t(r)?
2, 3, 13
Suppose g - 4*s = 4, -6*g + 2*g - 1 = s. Suppose g = -3*m + m + 70. Let i = m + -10. List the prime factors of i.
5
Suppose -332 - 1992 = -4*d. List the prime factors of d.
7, 83
Let y(q) = -q**3 - 13*q**2 + 12*q. Let p(v) = v**2 + 1. Let g(u) = 5*p(u) + y(u). List the prime factors of g(-10).
5, 17
Let n(a) = -a**2 + 17*a + 6. Let f be n(18). Let j = 32 + f. What are the prime factors of j?
2, 5
Suppose 5*h + 681 = -6*n + 7*n, 0 = -n - 3*h + 649. What are the prime factors of n?
661
Let d(f) = f**2 - 7*f - 12. Let g be d(7). List the prime factors of (g/(-9))/(3/99).
2, 11
Suppose 7*g = 10*g - 9, -3*t + 165 = -3*g. Suppose -3*r - 4*i + 1 = 0, 3*i + i + 13 = -r. Let s = t - r. List the prime factors of s.
3, 17
Let m(z) = 153*z - 159. List the prime factors of m(5).
2, 3, 101
Suppose 16*n - 19*n = 18. Let r(u) = -u**3 - 4*u**2 - 2*u - 3. Let f be r(-3). List the prime factors of (-26)/n + (-4)/f.
5
Let z(j) = -j**2 + 9*j - 12. Let k be z(5). Suppose -k*f = -22 - 18. Suppose -56 = -f*x + 129. What are the prime factors of x?
37
Let j be -3 - -7*(-2 - -3). Suppose 4*m + 5*w - 194 = 0, 0 = 3*m + j*w - 217 + 71. What are the prime factors of m?
2, 23
What are the prime factors of -2 + 0 + -14*(-49 + -7)?
2, 17, 23
Let z(f) = -f - 17. Let k be (-81)/12 - (-1)/(-4). Let x be z(k). List the prime factors of 4/x + (-276)/(-15).
2, 3
Suppose 4*d - 4*u - 10 - 10 = 0, 7 = 3*d + 5*u. Suppose -d*n + 23 = -1. Let h(p) = 4*p - 7. List the prime factors of h(n).
17
Let v be -1 + 1 - 0 - -2 - 2. Suppose v = -h - 0*h + 88. List the prime factors of h.
2, 11
Let j(q) = -9 + q**2 + 5 - 7*q - 2 - 2*q**2. Let b be j(-6). Suppose b = -2*h - 3*h + 45. What are the prime factors of h?
3
Let b(x) = 20*x**2 - 26*x + 119. What are the prime factors of b(11)?
3, 751
Let w(g) = 2*g**3 + 2*g**2 - 10*g + 123. What are the prime factors of w(9)?
3, 19, 29
Let j(v) = -29*v**3 - 14*v**2 + 29*v + 38. Let o(t) = -19*t**3 - 9*t**2 + 19*t + 25. Let q(b) = -5*j(b) + 8*o(b). List the prime factors of q(-3).
2, 5
Suppose 0*r - 5 = -l - r, -4*l - r + 14 = 0. Suppose -l*q - 2*q = -60. List the prime factors of q.
2, 3
Suppose -5479 = -10*a + 2541. What are the prime factors of a?
2, 401
Let t = 181 + 473. List the prime factors of t.
2, 3, 109
Let j(n) = n**2 - 5*n + 4. Let u be j(4). Suppose u*r + 5*b = -2*r + 69, 51 = 2*r - b. What are the prime factors of r?
3
Let c(s) = -3*s + 2. Let x be c(-6). Let j = -1 + x. Let k = j - -20. What are the prime factors of k?
3, 13
What are the prime factors of (-272)/(-2040) - (54148/(-15))/1?
2, 5, 19
Let s be (3 - 1371/15)/((-2)/70). List the prime factors of s/42 + (1 - (-1)/3).
3, 5
Let p(b) = -b**3 - 2*b**2 + 28*b - 17. List the prime factors of p(-15).
2, 311
Let g be ((-1)/(-3))/(3 - (-32)/(-12)). List the prime factors of g + -3 - 1881/(-19).
97
Let g = -60 - -53. Let m(h) = 2*h**2 - 7*h - 12. What are the prime factors of m(g)?
3, 5
Let o(y) = y**2 + 16*y - 7. Let j be o(-16). Let h(f) = -f + 3. What are the prime factors of h(j)?
2, 5
Let a(f) be the second derivative of 4*f**3 + 61*f**2/2 - 51*f. What are the prime factors of a(7)?
229
Let f(w) = 372*w**2 - 7*w + 7. What are the prime factors of f(1)?
2, 3, 31
Suppose 4*w = -2*f + 733 - 15, 0 = w + 3*f - 177. What are the prime factors of w?
2, 3, 5
Let c = 88 + -49. Let l = c - -20. List the prime factors of l.
59
Suppose 4*h - 7*h = -15. Let m = h + 9. Let a = 7 + m. List the prime factors of a.
3, 7
Let h(o) = -9*o - 7. Let p be h(-8). Let v = p + 88. What are the prime factors of v?
3, 17
Suppose 2*x = -3*n - 9, -17 = -7*x + 3*x + n. Suppose 7*z - 3*p - 68 = x*z, 3*z + p = 38. Suppose -10*q + z*q = 280. List the prime factors of q.
2, 5, 7
Let z = -73 + 51. Let c = z + 34. Suppose 0 = -2*g - 0*g + 5*v + c, -3*g - 5*v + 43 = 0. What are the prime factors of g?
11
Suppose 2*p = -2*p + 80. Suppose 508 = 4*f - p. List the prime factors of f.
2, 3, 11
Let k(x) = 9*x**2 - 1. Let o be k(-2). Suppose u - 19 = -0*u + 5*y, 5*u - 5*y = o. List the prime factors of u.
2
Let u be -4 - (-1 - 0)*7. Suppose 2*g = 4*j + u*g + 45, 3*j - 3*g = -15. Let y = j + 24. What are the prime factors of y?
2, 7
Let w(y) = 34*y + 7. Let z(l) = 17*l + 4. Let c(v) = -3*w(v) + 5*z(v). List the prime factors of c(-5).
2, 3, 7
Let j be (-1 + 7)*(3/6 - 1). What are the prime factors of 5/((-5)/(-204)) - (j - -2)?
5, 41
Suppose -4 = -5*n + 1. List the prime factors of (n - 1 - -2) + -3 + 19.
2, 3
Let m(c) = 2*c**2 + 2*c + 13 + 4*c - c**2. Let j = -1560 - -1550. List the prime factors of m(j).
53
Let x(g) be the second derivative of 1/6*g**3 + 0 + g**2 - 6*g. List the prime factors of x(7).
3
Suppose 53*u + 5464 - 65831 = 0. List the prime factors of u.
17, 67
Suppose -21*b + 14328 = -12*b. Suppose 16*y - 1432 - b = 0. What are the prime factors of y?
3, 7
Let s = -43 + 35. What are the prime factors of (-1955)/(-68) + (-2)/s?
29
Suppose -z + 507 + 1756 = 0. What are the prime factors of z?
31, 73
What are the prime factors of ((-30)/(-18) + (-2003)/(-6))*2?
11, 61
Let q be ((-18)/(-10))/(5/25). Suppose 4*w - 2*y = 0, -4*y = 2*w - 4*w. Suppose w = -c - q + 20. List the prime factors of c.
11
Let f = -31 + 51. Let b = f + -17. Suppose 0 = b*t - 6, -g + 0*g + 20 = 3*t. List the prime factors of g.
2, 7
Let b = 48 + -45. Suppose -66 = -3*q + 3*p, b*p = -q + 2*p + 14. List the prime factors of q.
2, 3
Suppose -24*t + 28*t = 24. Suppose 3*p = 3*o - 12, 3*o - p + 4 = -t*p. List the prime factors of o.
2
Let x(k) = 9*k**2 + 7*k + 152. List the prime factors of x(12).
2, 383
Let a(v) = 2*v + 4 - v - 3*v. Suppose 10 = -5*l - 3*y - 34, 8 = l - 5*y. What are the prime factors of a(l)?
2, 3
Let y = -745 - -816. List the prime factors of y.
71
Suppose 0 = o, 0 = -2*q - 2*o + 5*o + 14. List the prime factors of (-1176)/(-63)*18/q.
2, 3
Let m be ((-2)/4)/((-2)/12). Suppose 21 = -4*k - 3*d - 18, m*k + 23 = -d. Let n(r) = -9*r - 8. List the prime factors of n(k).
2, 23
Suppose -52*v + 47*v + 2965 = 0. What are the prime factors of v?
593
Let m(g) = -5*g - 1. Let u be m(-1). Suppose 2*h + u*v = 10, 0*v - 8 = -2*h - 2*v. Suppose 3*x - 22 = -w, -h*w + 25 + 41 = 4*x. List the prime factors of w.
2, 11
Let b = -874 - -1279. Suppose -d = -4*d + b. What are the prime factors of d?
3, 5
Suppose 0 = -9*h + 320 + 2857. Let j = -164 + h. What are the prime factors of j?
3, 7
Let l = -2263 - -4983. What are the prime factors of l?
2, 5, 17
Suppose 6*k - 2*k = 4*d + 236, -179 = -3*k + d. What are the prime factors of (96/k)/(4/10)?
2
What are the prime factors of 291375/189 - (4/(-6))/2?
2, 3, 257
Let k be 382*(3/(-6))/(1 + 0). Let y = 7 - k. What are the prime factors of y?
2, 3, 11
Suppose 5*k = 6*k + 19. Let f(x) = x**2 + 12*x - 14. What are the prime factors of f(k)?
7, 17
Suppose i - 19 = -c, c + 49 = 3*i - 0*c. Suppose -51*m = -53*m + 88. Let k = m - i. What are the prime factors of k?
3
Let t(w) = -5*w + 141. List the prime factors of t(-33).
2, 3, 17
Suppose 5*d - 12*d + 35 = 0. What are the prime factors of 90 + (d + -2)/3?
7, 13
Let y(h) = h**3 - 11*h**2 + 25*h - 25. What are the prime factors of y(13)?
2, 11, 29
Let u be 0 + 8 - (5 + -1). Suppose -5*j = -u*f - 15, 5*j - 5*f = j + 